20
Calculate -629 - -625 - (2 - (5 + 0)) - -4.
3
Evaluate 0 + 32 + (-2287 - -2236).
-19
4 - (-9 + (-8 - -9)) - (-13 - -2)
23
What is the value of -16 + 28 + -12 - (2 - 2)?
0
Calculate (-12 + 11 - -18 - -8) + -2.
23
4 - (-24 + 30 + -23)
21
3 - (-15 + 14 + 15)
-11
(12 - (-20 + 26)) + -2
4
What is -10 + (4 - -1) - (7 - 14)?
2
What is (10 - (-7 + 13)) + 0 + 9?
13
Calculate (0 - (-30 - 2) - 2) + 8 + -17.
21
What is -8 + 9 + 1 + 10?
12
What is the value of -2 + (3 - 35) + -4 + (-64 - -66)?
-36
What is the value of -21 + (-3 - (-4 - (1 - 9) - 5))?
-23
What is -7 + -7 - (7 + -17 - -6)?
-10
Calculate 4 + 5 - 21 - -5 - 9 - 8.
-24
12 + -22 + (3 - 2 - -7)
-2
Evaluate 1 + -5 + 6 + 3 + -14 - -12.
3
(0 - -10) + -13 + 3 + -6
-6
Evaluate 2 + -11 - (-23 - (-10 - (-18 - -4))).
18
39 + (-4 - 30 - -5)
10
What is the value of 9 + -47 + -6 + 29?
-15
Evaluate -3 + 0 + 21 - (3 + 3).
12
Calculate -18 - (-6 + (18 - 32)).
2
Evaluate 3 + 11 + 25 + -30.
9
Evaluate ((8 - 6) + -5 - 0) + 3.
0
Evaluate 44 - (42 + 4 + -17).
15
What is 6 + -12 + 5 - (-7 - 3) - 0?
9
Calculate 0 + (-8 - -13) + 1 + (2 - 2).
6
Calculate (16 + -35 - -47) + -11.
17
Calculate 11 + 8 + (-8 - -2) - -5.
18
Evaluate -10 + -9 + (2 + 47 - -1).
31
Evaluate 275 - 281 - ((1 - (0 - 1)) + 5).
-13
-3 + 1 - (-13 + 8 + 5 - -2)
-4
(-13 + 31 - -13 - -13) + -13
31
What is (6 - 5 - -4) + -4?
1
What is the value of 6 - (-3 + 3 - (-8 + -5 + 7))?
0
What is 7 + (18 - 39) + 24?
10
(-10 - -15 - 11) + 11
5
Calculate 49 + -47 + (1 + -34 - (-38 - -32)).
-25
Evaluate -25 - (-11 + -17) - (-1 + 0 - -7).
-3
What is (1 - -20) + 456 + -456?
21
What is (-17 + 6 - 5) + 19 - (0 - 3)?
6
(-5 - 0) + -4 - (-2 - -2)
-9
Evaluate -287 + 273 + -2 + (1 - -3).
-12
What is 20 + -60 + 19 - -22?
1
-3 + 0 - -5 - (-8 + (-9 - -1))
18
What is the value of (2 - 1) + -14 + -6 + 9 + 38?
28
Evaluate 5 + -6 + -7 - 10.
-18
What is 0 + -14 - (-1 + -1) - (3 - 8)?
-7
Calculate (52 + -56 - (-14 - -1)) + 6.
15
What is the value of -13 - 2 - (38 - 37)?
-16
What is the value of -23 + 7 + (12 - -10)?
6
What is 4 - (-12 - -18 - -4)?
-6
What is 33 + (-7 - 5) + 4 + -10?
15
15 - (-1 + 6 + 4 + -6)
12
Calculate (-10 - (18 + -27 + -42)) + -8.
33
What is -5 + (-2 - -2 - (-2 + 0)) + 4?
1
What is the value of -1 + 6 + (2 + 1 - (-24 + 21))?
11
Evaluate -42 - ((-19 - 17) + 12).
-18
Evaluate -5 - (-30 + -1 + 10 - -12).
4
What is the value of 12 + -17 + 18 + 5?
18
Evaluate -25 - -18 - (-5 + 9 + 1 - 34).
22
Evaluate -14 - (3 - -3) - -29.
9
Evaluate 4 - (15 - (8 - 2 - -4)).
-1
Calculate (-47 - -51) + (5 + -2 + -2 - 9).
-4
What is 10 - (6 - (-13 + 13))?
4
Evaluate (-3 - (-1 + -2)) + 2 + -5.
-3
What is -22 + (-28 - -51) - -16?
17
What is (-5 - 2 - -9 - -6) + 6?
14
7 - (-20 + 33 + 6 + -27)
15
-20 - (-28 - -2) - (0 + (-1 - 1))
8
What is (26 - ((-2 - -27) + -12)) + -43?
-30
Evaluate (9 - (9 + 2)) + 8.
6
(-10 - (-7 - (-2 + -3))) + -5 + -2
-15
Calculate (-5 - -22) + (-16 - -1).
2
-2 + -6 + (-69 - -64)
-13
11 + (6 - (3 - (-12 + 4 - -4)))
10
Calculate -1 + 6 - 8 - (271 - 272).
-2
What is 42 + (-13 - 4) + -18?
7
-6 + -3 + (5 - 3) + 4
-3
0 + 1 + -6 + 4 + (-28 - -18)
-11
What is the value of (-2 - -6) + (-5 - (4 - 1)) - 10?
-14
What is -1 - 3 - 2 - (-86 - (37 + -108))?
9
Evaluate 9 + 8 + -8 - (1 - 4).
12
What is the value of 1 + -1 + 78 + -73 + 4 - -2?
11
17 - (23 - 9 - (-5 + 39))
37
What is the value of 16 + (4 - 21) + -12?
-13
Evaluate -3 + -7 - (2 + 5 + 4).
-21
(7 + -4 - -3) + 5 + -6 + 10
15
What is the value of -6 + (-5 + -2 - 0 - -3) - 4?
-14
What is the value of (-1 - -2) + (-30 - -63) + -35?
-1
Evaluate (-15 - -9) + (-6 - -12 - 22).
-22
What is 4 - (-4 - 1 - (1 - (8 + 7)))?
-5
-17 + (-10 - 0) + 20
-7
What is the value of 0 - (11 + -13 - -19 - (5 - 0))?
-12
Calculate 39 + -52 + 0 + 2.
-11
What is the value of -23 + 2 + 31 - (30 + 1)?
-21
25 + -2 + (-80 - -71) + -6
8
What is 14 - (14 - (3 - -1) - 12)?
16
-2 - (8 - -5 - 6) - (16 - 3)
-22
-3 + (-1 - (-9 - -2 - 0))
3
-1 + 16 + -172 + 140
-17
Calculate (3 - 15 - -10) + 3 + 2 + -3.
0
Evaluate 2 + 3 + -4 + (-19 - -7).
-11
What is the value of 1 + -2 + (10 - 14) - (114 + -105)?
-14
Evaluate -1 - -3 - 6 - (22 - (2 - -5)).
-19
What is 41 - 47 - (1 + -26) - -10 - -3?
32
Calculate (-46 - -55) + -3 + 7.
13
What is the value of 6 - (-15 - (-17 - -12))?
16
What is 1 + (2 - -20) - (18 + -12)?
17
0 + -1 + (3 - 20 - (9 - 28))
1
What is (0 - -3) + (-6 - 18) + 3?
-18
Calculate 5 + (-4 + -6 - -7) + 7.
9
Evaluate (-13 - (-17 - (3 + -18))) + (6 - 0).
-5
Calculate -23 + 3 + 15 - -1.
-4
What is 7 - 3 - (-15 + 19 - 7)?
7
What is -3 + (-20 - (-28 - 3))?
8
What is 11 + 27 + -52 + 15?
1
(-9 - -35) + -4 - 17
5
14 - (28 - 35 - (-12 - -1))
10
What is the value of 4 + 8 + -3 + -7 - (-7 - -1)?
8
Evaluate -7 + 1 + 15 + (-1 - 3).
5
Evaluate -16 - (-3 - (12 - 11)).
-12
What is (9 - 25) + 6 - (-1 - (-1 + 8))?
-2
-12 - (4 + -11 - 9)
4
(17 - (19 + 17 + -3)) + 19
3
-64 + (22 - -21) - (-14 + 2)
-9
(13 - (29 - 12)) + 2 + (0 - 22)
-24
-7 + 15 + -13 + -1 + 1 + -6
-11
What is the value of -1 - -2 - (-17 + 30)?
-12
Evaluate 5 - (-49 + 14 - -32).
8
(-1 - 0) + (43 - (9 + 20))
13
Calculate -3 + 5 - (6 + (-4 - (16 - 2))).
14
What is the value of (0 - 30) + (-13 - (10 + (-43 - -12)))?
-22
Evaluate -1 + 6 - (5 - (-11 - -33 - 10)).
12
What is the value of -1 - ((-278 - -280) + (1 - 13))?
9
Calculate -26 - 0 - (-41 + 41 + -11).
-15
What is -1 - ((-28 - -14) + 20) - -15?
8
-8 + (8 - -4) + -16
-12
What is the value of (3 - (8 - 4)) + 12 + (-10 - -3)?
4
What is the value of -13 - (-20 + (10 - -7 - (3 + 3)))?
-4
What is the value of -11 + (7 - 0) + 14 + 2?
12
Calculate -3 - (11 + 10 + 1 + -3) - 1.
-23
Evaluate (-70 + 68 - (-3 + 0)) + 11.
12
What is the value of 10 + (2 - (-2 - 3) - 10)?
7
Evaluate (17 - 4) + -2 - (28 - 31).
14
Evaluate -2 - 10 - -7 - (-10 - (2 + -1)).
6
Calculate (5 - (-2 + 5)) + -4 - -4.
2
(42 + -50 - 3) + 3
-8
Evaluate -5 - -2 - ((-14 - -17) + -14).
8
Evaluate (-48 - -59) + (0 - 13).
-2
Evaluate 5 - (-2 - (27 + -24 + -3 + 0)).
7
Evaluate 2 + -10 - -1 - (-13 + 12 + -16).
10
Evaluate 1 + -7 + 7 + -33 + 14.
-18
Evaluate -6 - (10 - 2 - (12 + 3)).
1
What is -34 - (-10 + 4 - (6 + -3))?
-25
16 - (1 - 2 - (82 - 74))
25
What is 8 - (-20 - -38) - -19?
9
31 + (-108 - -83) - (-4 + 0 + -1)
11
-28 - (12 + 3 - (-21 - -31))
-33
What is the value of -15 + 1 + 10 + (30 - 8)?
18
What is 11 + (-2 - (11 - -10))?
-12
Evaluate (11 - 17 - -9 - 12) + 7.
-2
-36 + (13 - (-15 + 32)) + 17
-23
What is (1 + 1 - -1) + (1 - (-11 + 6))?
9
What is 7 + 12 + (-7 - 15) + -15?
-18
What is -2 + -10 + (-9 - -9) - -7?
-5
What is the value of (25 - -9 - 35) + (0 - 3)?
-4
Evaluate 17 - ((10 - 1 - 4) + 8 + -12).
16
What is 40 + (76 - 93) + (-3 - 2) + -2?
16
Calculate 2 + -1 - (11 + -7).
-3
(-4 - (-5 + -4) - 2) + (-14 - 4)
-15
3 + 7 + (-8 - -3) + 2
7
Calculate (11 - 0) + -23 - (15 - 1).
-26
What is the value of 2 - ((14 - -14) + -37)?
11
Evaluate 0 - (1 + -2) - (16 - 22) - -3.
10
What is the value of -4 + 1 + -1 - (-13 - (-8 + 10))?
11
What is 2 + -1 + 8 + 5 + -17?
-3
Evaluate (-2 + -10 - -3) + -12 + 27.
6
Evaluate -8 + -2 + (-4 - (-5 + -5)).
-4
Evaluate 21 + -7 + -12 - -21.
23
What is -5 - (-13 + 27 + -4)?
-15
Calculate 6 + -2 + -8 + 3 + (-4 - 1).
-6
Calculate 329 + -322 + 0 + (-25 - 2).
-20
What is the value of -1 - (1 + (1 - 11)) - 1?
7
What is the value of -7 - ((-10 + (10 - 1) - -1) + 3)?
-10
What is the value of 5 + -3 + -1 + 62 + -63 + -4?
-4
Evaluate -5 - (0 + 2) - (16 + -32 + 21).
-12
What is 1238 + -1254 - (6 + 1 + 1)?
-24
Evaluate 0 + (23 - 16) - (-5 - 2).
14
7 + (15 + 6 - 17)
11
Calculate 0 + 4 + 9 + -1 + -19.
-7
What is 1 + (23 - 17 - 2)?
5
Calculate -3 + -2 + -3 - (97 - 97).
-8
What is the value of -47 + (22 - (-7 - 8 - -20))?
-30
What is the value of 2 + -27 + (13 - (-1 - 0) - 8)?
-19
9 + -4 + -8 + -11 + (2 - 1)
-13
5 - (19 + -10) - (5 + 2)
-11
-28 + 43 + -16 - (10 + (-1 - -2))
-12
10 - -5 - (14 + -6) - (1 - -2)
4
Evaluate (1 - -3) + (2 + -1 - -4 - 3).
6
-17 - (-13 + -14 + 8)
2
What is the value of (-20 - 1) + 11 - -10?
0
Evaluate 4 + -31 + 27 + -16 + 0.
-16
What is 8 - (3 - ((-2 - 5 - -5) + 11))?
14
What is -3 + (12 - ((-1 - -2) + -2 + 2))?
8
0 + 0 + -6 + (-19 - -10)
-15
-2 + -1 + (52 - 73)
-24
Calculate (2 + 7 - 13) + 6 + 30.
32
Calculate -28 - (-37 + 8) - (-1 + -11).
13
Calculate -6 - (0 + -19) - (3 +